{"id":1175,"date":"2019-08-26T15:59:02","date_gmt":"2019-08-26T13:59:02","guid":{"rendered":"https:\/\/pekatherm.es\/?product=cp940"},"modified":"2019-08-26T15:59:02","modified_gmt":"2019-08-26T13:59:02","slug":"cp940","status":"publish","type":"product","link":"https:\/\/pekatherm.es\/?product=cp940&lang=pt-pt","title":{"rendered":"CP940 &#8211; Conjunto de duas baterias de l\u00edtio  recarreg\u00e1veis com carregador"},"content":{"rendered":"<p>Conjunto de baterias de l\u00edtio e carregador para luvas<\/p>\n<p><strong>Tecnologia<\/strong>: L\u00edtio<\/p>\n<p><strong>Tens\u00e3o de sa\u00edda<\/strong>: 3.7V<\/p>\n<p><strong>Capacidade<\/strong>: 2200mAh<\/p>\n<p><strong>Pot\u00eancia m\u00e1xima<\/strong>: 8W<\/p>\n<p><strong>Autonomia operacional m\u00e1xima<\/strong>: entre 2,5 e 8h, dependendo do modelo de luva utilizada<\/p>\n<p><strong>Dimens\u00f5es<\/strong>: 67x30x20mm<\/p>\n<p><strong>Peso<\/strong>: 51g<\/p>\n<p><strong>Compatibilidade<\/strong>: Luvas de aquecimento modelos GU91, GU910<\/p>\n<p><strong>Inclu\u00eddo no conjunto<\/strong>: Existem duas baterias de l\u00edtio recarreg\u00e1veis \u200b\u200be um carregador de sa\u00edda dupla para carregamento simult\u00e2neo de duas baterias.<\/p>\n","protected":false},"excerpt":{"rendered":"<p>EAN 8436531919405<\/p>\n<p>O conjunto CP940 foi projetado para fornecer \u00e0s luvas e forros de luvas recursos mais profissionais para regular a temperatura, dura\u00e7\u00e3o da bateria e peso. Ao adquirir e usar este conjunto, as luvas e os revestimentos t\u00eam at\u00e9 duas vezes a dura\u00e7\u00e3o da bateria, gra\u00e7as \u00e0 sua grande capacidade.<\/p>\n<p>A Pekatherm recomenda que voc\u00ea obtenha e use o pacote CP940 para obter a m\u00e1xima efici\u00eancia de aquecimento e desempenho das luvas e dos revestimentos.<\/p>\n<p>O carregador inclu\u00eddo no conjunto rapidamente carrega as duas baterias simultaneamente.<\/p>\n<p><strong>VANTAGENS DO CONJUNTO CP940 EM COMPARA\u00c7\u00c3O COM OUTROS TIPOS DE BATERIA<\/strong><\/p>\n<p>&#8211; Maior capacidade e menos peso.<\/p>\n<p>&#8211; N\u00edvel de sa\u00edda forte (permite um aquecimento mais r\u00e1pido das luvas).<\/p>\n<p>&#8211; Tens\u00e3o de descarga constante (a temperatura dentro das luvas permanecer\u00e1 constante at\u00e9 que as baterias estejam totalmente descarregadas).<\/p>\n<p>&#8211; O recurso de carregamento r\u00e1pido reduz o tempo de carregamento em compara\u00e7\u00e3o com as baterias convencionais.<\/p>\n<p>&#8211; Baixa taxa de auto-descarga (uma vez carregada, as baterias ret\u00eam sua energia sem altera\u00e7\u00f5es consider\u00e1veis \u200b\u200bdurante meses).<\/p>\n<p>&#8211; Taxa m\u00ednima de envelhecimento e perda de capacidade de uso.<\/p>\n","protected":false},"featured_media":386,"template":"","meta":[],"_links":{"self":[{"href":"https:\/\/pekatherm.es\/index.php?rest_route=\/wp\/v2\/product\/1175"}],"collection":[{"href":"https:\/\/pekatherm.es\/index.php?rest_route=\/wp\/v2\/product"}],"about":[{"href":"https:\/\/pekatherm.es\/index.php?rest_route=\/wp\/v2\/types\/product"}],"wp:featuredmedia":[{"embeddable":true,"href":"https:\/\/pekatherm.es\/index.php?rest_route=\/wp\/v2\/media\/386"}],"wp:attachment":[{"href":"https:\/\/pekatherm.es\/index.php?rest_route=%2Fwp%2Fv2%2Fmedia&parent=1175"}],"curies":[{"name":"wp","href":"https:\/\/api.w.org\/{rel}","templated":true}]}}