{"id":1202,"date":"2019-08-26T12:16:34","date_gmt":"2019-08-26T10:16:34","guid":{"rendered":"https:\/\/pekatherm.es\/?product=gu910"},"modified":"2019-08-26T12:16:34","modified_gmt":"2019-08-26T10:16:34","slug":"gu910","status":"publish","type":"product","link":"https:\/\/pekatherm.es\/?product=gu910&lang=pt-pt","title":{"rendered":"GU910 &#8211; Luvas aquecidas a bateria de l\u00edtio"},"content":{"rendered":"<p>Luvas aquecidas a bateria de l\u00edtio.<\/p>\n<ul>\n<li><strong>Tamanhos<\/strong>: S \/ M \/ L \/ XL<\/li>\n<li><strong>Material<\/strong>: 100% Poli\u00e9ster<\/li>\n<li><strong>Estrutura do tecido<\/strong>: 5 camadas, incluindo uma membrana interna \u00e0 prova d&#8217;\u00e1gua e outra membrana de isolamento t\u00e9rmico<\/li>\n<li><strong>Pot\u00eancia m\u00e1xima<\/strong>: 4.5W<\/li>\n<li><strong>Inclui<\/strong>: Pilhas recarreg\u00e1veis \u200b\u200bespeciais de l\u00edtio Ref. CP940 com carregador<\/li>\n<li><strong>Eletr\u00f4nica com fun\u00e7\u00e3o de aquecimento r\u00e1pido<\/strong> (aque\u00e7a em apenas 15 segundos).<\/li>\n<li><strong>Tempo operacional:<\/strong> 2.5h<\/li>\n<li><strong>Temperatura interior m\u00e1xima<\/strong>: 55\u00baC<\/li>\n<li><strong>\u00c1reas aquecidas<\/strong>: dorso da m\u00e3o e dedos<\/li>\n<li><strong>Caracter\u00edsticas de design:<\/strong><\/li>\n<\/ul>\n<p>&#8211; Tiras reflexivas na parte de tr\u00e1s do lado da m\u00e3o para melhor visibilidade noturna<\/p>\n<p>&#8211; Pulseira el\u00e1stica para maior estabilidade do pulso<\/p>\n<p>&#8211; Fechamento do antebra\u00e7o com tensor<\/p>\n<p>&#8211; Tecido refor\u00e7ado na \u00e1rea da palma da m\u00e3o e dedos para maior durabilidade<\/p>\n<p>&#8211; Bolso de bateria especial embutido na luva para f\u00e1cil acessibilidade<\/p>\n<p>&#8211; Clipes de fixa\u00e7\u00e3o para manter as duas luvas juntas quando n\u00e3o estiverem em uso<\/p>\n<ul>\n<li><strong>Especifica\u00e7\u00f5es t\u00e9cnicas das baterias<\/strong>:<\/li>\n<\/ul>\n<p>&#8211; Tecnologia: L\u00edtio<\/p>\n<p>&#8211; Tens\u00e3o de sa\u00edda nominal: 3.7V<\/p>\n<p>&#8211; Capacidade: 2200mAh<\/p>\n<p>&#8211; Dimens\u00f5es: 67x30x20mm<\/p>\n<p>&#8211; Peso: 51g<\/p>\n<ul>\n<li><strong>Especifica\u00e7\u00f5es t\u00e9cnicas do carregador: Adaptador de parede com sa\u00edda dupla para recarregar simultaneamente duas baterias.<\/strong><\/li>\n<\/ul>\n<p>&#8211; Especifica\u00e7\u00f5es de entrada: Universal 100-240VAC, 50 \/ 60Hz, 0.5A<\/p>\n<p>&#8211; Especifica\u00e7\u00f5es de sa\u00edda: 4.2V DC, 1.5A<\/p>\n<p>&#8211; Tempo aproximado de carregamento: 5h (carregamento simult\u00e2neo de duas baterias 3.7V 2200mAh totalmente descarregadas)<\/p>\n<p>&#8211; Dimens\u00f5es: 71 x 30 x 80mm<\/p>\n<p>&#8211; Peso: 111gr<\/p>\n<p>&#8211; Conector de sa\u00edda duplo, para recarregar simultaneamente duas baterias<\/p>\n<p>&#8211; Indicador de carga verde \/ vermelho LED de dois tons, indicador de bateria descarregada<\/p>\n<p>&nbsp;<\/p>\n<p><img loading=\"lazy\" class=\"alignnone wp-image-384\" src=\"https:\/\/pekatherm.es\/wp-content\/uploads\/2019\/08\/GU910-300x168.jpg\" alt=\"\" width=\"398\" height=\"223\" srcset=\"https:\/\/pekatherm.es\/wp-content\/uploads\/2019\/08\/GU910-300x168.jpg 300w, https:\/\/pekatherm.es\/wp-content\/uploads\/2019\/08\/GU910-768x430.jpg 768w, https:\/\/pekatherm.es\/wp-content\/uploads\/2019\/08\/GU910-1024x574.jpg 1024w, https:\/\/pekatherm.es\/wp-content\/uploads\/2019\/08\/GU910-260x146.jpg 260w, https:\/\/pekatherm.es\/wp-content\/uploads\/2019\/08\/GU910-50x28.jpg 50w, https:\/\/pekatherm.es\/wp-content\/uploads\/2019\/08\/GU910-134x75.jpg 134w, https:\/\/pekatherm.es\/wp-content\/uploads\/2019\/08\/GU910-600x336.jpg 600w, https:\/\/pekatherm.es\/wp-content\/uploads\/2019\/08\/GU910.jpg 1312w\" sizes=\"(max-width: 398px) 100vw, 398px\" \/><\/p>\n<p>&nbsp;<\/p>\n<p>&nbsp;<\/p>\n","protected":false},"excerpt":{"rendered":"<p>EAN 8436531919122 (Tamanho\u00a0S)<\/p>\n<p>EAN 8436531919146 (Tamanho M)<\/p>\n<p>EAN 8436531919160 (Tamanho L)<\/p>\n<p>EAN 8436531919184 (Tamanho XL)<\/p>\n<div>\n<div>\n<p>Luvas cl\u00e1ssicas projetadas para atividades ao ar livre em clima frio, clima que pode incluir vento, neve e chuva, onde a mobilidade dos dedos \u00e9 necess\u00e1ria. S\u00e3o imperme\u00e1veis, confort\u00e1veis \u200b\u200be apresentam um design elegante. Eles s\u00e3o ideais para atividades equestres, ca\u00e7a, pesca, andar de moto, etc. Desenvolvidos para versatilidade de uso, seu design \u00e9 ideal para condi\u00e7\u00f5es moderadamente frias e com frio extremo. Est\u00e3o inclu\u00eddas no produto duas baterias de l\u00edtio CP940 especiais.<\/p>\n<p>Estrutura de tecido multicamada na qual cada camada foi estudada para criar as qualidades ideais necess\u00e1rias para repelir a \u00e1gua e maximizar o isolamento, mantendo a flexibilidade, o conforto, a facilidade de uso e a durabilidade. As luvas s\u00e3o feitas com uma membrana imperme\u00e1vel e uma membrana de isolamento t\u00e9rmico.<\/p>\n<\/div>\n<div><\/div>\n<\/div>\n<div>\n<div>\n<p>Esta gama de luvas aquecidas foi desenvolvida para versatilidade. O projeto levou em considera\u00e7\u00e3o o uso di\u00e1rio em \u00e1reas urbanas em situa\u00e7\u00f5es de frio moderado, bem como o uso em condi\u00e7\u00f5es e temperaturas mais extremas. Eles foram fabricados com uma estrutura interna de tecido multicamada, na qual cada camada foi cuidadosamente selecionada para garantir que o produto tenha as qualidades ideais necess\u00e1rias para repelir a \u00e1gua e maximizar o isolamento, sem que o produto perca sua flexibilidade, conforto, facilidade de uso e durabilidade.<\/p>\n<\/div>\n<div><\/div>\n<\/div>\n","protected":false},"featured_media":382,"template":"","meta":[],"_links":{"self":[{"href":"https:\/\/pekatherm.es\/index.php?rest_route=\/wp\/v2\/product\/1202"}],"collection":[{"href":"https:\/\/pekatherm.es\/index.php?rest_route=\/wp\/v2\/product"}],"about":[{"href":"https:\/\/pekatherm.es\/index.php?rest_route=\/wp\/v2\/types\/product"}],"wp:featuredmedia":[{"embeddable":true,"href":"https:\/\/pekatherm.es\/index.php?rest_route=\/wp\/v2\/media\/382"}],"wp:attachment":[{"href":"https:\/\/pekatherm.es\/index.php?rest_route=%2Fwp%2Fv2%2Fmedia&parent=1202"}],"curies":[{"name":"wp","href":"https:\/\/api.w.org\/{rel}","templated":true}]}}

GU910 &#8211; Luvas aquecidas a bateria de lítio

<p>Luvas aquecidas a bateria de lítio.</p>
<ul>
<li><strong>Tamanhos</strong>: S / M / L / XL</li>
<li><strong>Material</strong>: 100% Poliéster</li>
<li><strong>Estrutura do tecido</strong>: 5 camadas, incluindo uma membrana interna à prova d&#8217;água e outra membrana de isolamento térmico</li>
<li><strong>Potência máxima</strong>: 4.5W</li>
<li><strong>Inclui</strong>: Pilhas recarregáveis ​​especiais de lítio Ref. CP940 com carregador</li>
<li><strong>Eletrônica com função de aquecimento rápido</strong> (aqueça em apenas 15 segundos).</li>
<li><strong>Tempo operacional:</strong> 2.5h</li>
<li><strong>Temperatura interior máxima</strong>: 55ºC</li>
<li><strong>Áreas aquecidas</strong>: dorso da mão e dedos</li>
<li><strong>Características de design:</strong></li>
</ul>
<p>&#8211; Tiras reflexivas na parte de trás do lado da mão para melhor visibilidade noturna</p>
<p>&#8211; Pulseira elástica para maior estabilidade do pulso</p>
<p>&#8211; Fechamento do antebraço com tensor</p>
<p>&#8211; Tecido reforçado na área da palma da mão e dedos para maior durabilidade</p>
<p>&#8211; Bolso de bateria especial embutido na luva para fácil acessibilidade</p>
<p>&#8211; Clipes de fixação para manter as duas luvas juntas quando não estiverem em uso</p>
<ul>
<li><strong>Especificações técnicas das baterias</strong>:</li>
</ul>
<p>&#8211; Tecnologia: Lítio</p>
<p>&#8211; Tensão de saída nominal: 3.7V</p>
<p>&#8211; Capacidade: 2200mAh</p>
<p>&#8211; Dimensões: 67x30x20mm</p>
<p>&#8211; Peso: 51g</p>
<ul>
<li><strong>Especificações técnicas do carregador: Adaptador de parede com saída dupla para recarregar simultaneamente duas baterias.</strong></li>
</ul>
<p>&#8211; Especificações de entrada: Universal 100-240VAC, 50 / 60Hz, 0.5A</p>
<p>&#8211; Especificações de saída: 4.2V DC, 1.5A</p>
<p>&#8211; Tempo aproximado de carregamento: 5h (carregamento simultâneo de duas baterias 3.7V 2200mAh totalmente descarregadas)</p>
<p>&#8211; Dimensões: 71 x 30 x 80mm</p>
<p>&#8211; Peso: 111gr</p>
<p>&#8211; Conector de saída duplo, para recarregar simultaneamente duas baterias</p>
<p>&#8211; Indicador de carga verde / vermelho LED de dois tons, indicador de bateria descarregada</p>
<p>&nbsp;</p>
<p><img loading="lazy" class="alignnone wp-image-384" src="https://pekatherm.es/wp-content/uploads/2019/08/GU910-300x168.jpg" alt="" width="398" height="223" srcset="https://pekatherm.es/wp-content/uploads/2019/08/GU910-300x168.jpg 300w, https://pekatherm.es/wp-content/uploads/2019/08/GU910-768x430.jpg 768w, https://pekatherm.es/wp-content/uploads/2019/08/GU910-1024x574.jpg 1024w, https://pekatherm.es/wp-content/uploads/2019/08/GU910-260x146.jpg 260w, https://pekatherm.es/wp-content/uploads/2019/08/GU910-50x28.jpg 50w, https://pekatherm.es/wp-content/uploads/2019/08/GU910-134x75.jpg 134w, https://pekatherm.es/wp-content/uploads/2019/08/GU910-600x336.jpg 600w, https://pekatherm.es/wp-content/uploads/2019/08/GU910.jpg 1312w" sizes="(max-width: 398px) 100vw, 398px" /></p>
<p>&nbsp;</p>
<p>&nbsp;</p>

<p>EAN 8436531919122 (Tamanho S)</p>
<p>EAN 8436531919146 (Tamanho M)</p>
<p>EAN 8436531919160 (Tamanho L)</p>
<p>EAN 8436531919184 (Tamanho XL)</p>
<div>
<div>
<p>Luvas clássicas projetadas para atividades ao ar livre em clima frio, clima que pode incluir vento, neve e chuva, onde a mobilidade dos dedos é necessária. São impermeáveis, confortáveis ​​e apresentam um design elegante. Eles são ideais para atividades equestres, caça, pesca, andar de moto, etc. Desenvolvidos para versatilidade de uso, seu design é ideal para condições moderadamente frias e com frio extremo. Estão incluídas no produto duas baterias de lítio CP940 especiais.</p>
<p>Estrutura de tecido multicamada na qual cada camada foi estudada para criar as qualidades ideais necessárias para repelir a água e maximizar o isolamento, mantendo a flexibilidade, o conforto, a facilidade de uso e a durabilidade. As luvas são feitas com uma membrana impermeável e uma membrana de isolamento térmico.</p>
</div>
<div></div>
</div>
<div>
<div>
<p>Esta gama de luvas aquecidas foi desenvolvida para versatilidade. O projeto levou em consideração o uso diário em áreas urbanas em situações de frio moderado, bem como o uso em condições e temperaturas mais extremas. Eles foram fabricados com uma estrutura interna de tecido multicamada, na qual cada camada foi cuidadosamente selecionada para garantir que o produto tenha as qualidades ideais necessárias para repelir a água e maximizar o isolamento, sem que o produto perca sua flexibilidade, conforto, facilidade de uso e durabilidade.</p>
</div>
<div></div>
</div>
