{"id":1234,"date":"2019-08-21T22:52:12","date_gmt":"2019-08-21T20:52:12","guid":{"rendered":"https:\/\/pekatherm.es\/?product=f55"},"modified":"2019-08-21T22:52:12","modified_gmt":"2019-08-21T20:52:12","slug":"f55","status":"publish","type":"product","link":"https:\/\/pekatherm.es\/?product=f55&lang=pt-pt","title":{"rendered":"F55 &#8211; Aquecedor de p\u00e9s"},"content":{"rendered":"<p>Aquecedor de p\u00e9s &#8211; P\u00e9s mais quentes.<\/p>\n<ul>\n<li>3 N\u00edveis de temperatura<\/li>\n<li>30x30x23cm<\/li>\n<li>Poli\u00e9ster<\/li>\n<li>100W<\/li>\n<li>Meia remov\u00edvel, Lav\u00e1vel \u00e0 m\u00e3o ou \u00e0 m\u00e1quina<\/li>\n<li>12h AutoStop<\/li>\n<\/ul>\n","protected":false},"excerpt":{"rendered":"<p>EAN 8436531910556<\/p>\n<p>Relaxe e descanse com os aquecedores de p\u00e9s. Coloque essas botas e elas manter\u00e3o seus p\u00e9s quentes enquanto voc\u00ea l\u00ea ou assiste \u00e0 TV. Com tr\u00eas n\u00edveis de calor para escolher e seu tecido macio, voc\u00ea ter\u00e1 um descanso maravilhoso e aconchegante.<\/p>\n<p>Voc\u00ea n\u00e3o apenas desfrutar\u00e1 de p\u00e9s quentes, como tamb\u00e9m se beneficiar\u00e1 de seus efeitos terap\u00eauticos. Voc\u00ea vai descansar melhor e cuidar de seus p\u00e9s cansados \u200b\u200bap\u00f3s um \u00e1rduo dia de trabalho. O calor ajuda a aliviar diferentes doen\u00e7as e problemas f\u00edsicos. Nossos corpos respondem muito positivamente \u00e0 termoterapia.<\/p>\n<p>Meia remov\u00edvel, f\u00e1cil de lavar \u00e0 m\u00e3o ou na m\u00e1quina<\/p>\n","protected":false},"featured_media":1537,"template":"","meta":[],"_links":{"self":[{"href":"https:\/\/pekatherm.es\/index.php?rest_route=\/wp\/v2\/product\/1234"}],"collection":[{"href":"https:\/\/pekatherm.es\/index.php?rest_route=\/wp\/v2\/product"}],"about":[{"href":"https:\/\/pekatherm.es\/index.php?rest_route=\/wp\/v2\/types\/product"}],"wp:featuredmedia":[{"embeddable":true,"href":"https:\/\/pekatherm.es\/index.php?rest_route=\/wp\/v2\/media\/1537"}],"wp:attachment":[{"href":"https:\/\/pekatherm.es\/index.php?rest_route=%2Fwp%2Fv2%2Fmedia&parent=1234"}],"curies":[{"name":"wp","href":"https:\/\/api.w.org\/{rel}","templated":true}]}}