{"id":1260,"date":"2019-08-21T20:40:37","date_gmt":"2019-08-21T18:40:37","guid":{"rendered":"https:\/\/pekatherm.es\/?product=u30t"},"modified":"2020-02-07T11:51:21","modified_gmt":"2020-02-07T10:51:21","slug":"u30t","status":"publish","type":"product","link":"https:\/\/pekatherm.es\/?product=u30t&lang=pt-pt","title":{"rendered":"U30T &#8211; Almofada t\u00e9rmica 100% algod\u00e3o de tamanho m\u00e9dio"},"content":{"rendered":"<p>Almofada projetada para uso em qualquer parte do corpo.<\/p>\n<ul>\n<li>4 N\u00edveis de temperatura<\/li>\n<li>47x39cm<\/li>\n<li>100% algod\u00e3o<\/li>\n<li>120W<\/li>\n<li>Controlador remov\u00edvel<\/li>\n<li>Lav\u00e1vel \u00e0 m\u00e3o ou \u00e0 m\u00e1quina<\/li>\n<li>Fun\u00e7\u00e3o especial de aquecimento r\u00e1pido em 15 segundosBobina de aquecimento t\u00e9rmico de alta seguran\u00e7a\n<p>Prote\u00e7\u00e3o contra superaquecimento<\/li>\n<li>2h Autostop<\/li>\n<\/ul>\n","protected":false},"excerpt":{"rendered":"<p>EAN 8436531910303<\/p>\n<p>Esta \u00e9 uma almofada de \u00f3dio t\u00e9rmica de tamanho m\u00e9dio para f\u00e1cil aplica\u00e7\u00e3o em qualquer parte do corpo. Fabricado em 100% algod\u00e3o e, gra\u00e7as ao seu controle de temperatura destac\u00e1vel, \u00e9 facilmente lav\u00e1vel na m\u00e1quina. Inclui uma tampa para prote\u00e7\u00e3o m\u00e1xima.<\/p>\n<p>Desde tempos antigos, o uso do calor como agente terap\u00eautico passou por muitas mudan\u00e7as na forma como \u00e9 aplicado, desde toalhas quentes at\u00e9 o uso de \u00f3leos e cera, nas modernas almofadas t\u00e9rmicas da Pekatherm. Atualmente, a alta tecnologia permitiu um salto qualitativo em como e onde aplicamos calor, o que, com o uso de diferentes tecidos, aumenta ainda mais seus benef\u00edcios \u00e0 sa\u00fade.A nossa gama de almofadas t\u00e9rmicas el\u00e9ctricas foi concebida para proporcionar o m\u00e1ximo al\u00edvio das dores e dores musculares. Ao aliviar a dor e o desconforto, voc\u00ea pode recuperar for\u00e7as e ganhar tempo para fazer o que mais gosta e lhe agrada. Projetamos nossas almofadas t\u00e9rmicas para promover relaxamento, para melhorar sua sa\u00fade e beleza. Na Pekatherm, queremos oferecer aos clientes os melhores m\u00e9todos de atendimento para melhorar a qualidade de vida e aproveitar todos os benef\u00edcios que o calor proporciona.<\/p>\n","protected":false},"featured_media":288,"template":"","meta":[],"_links":{"self":[{"href":"https:\/\/pekatherm.es\/index.php?rest_route=\/wp\/v2\/product\/1260"}],"collection":[{"href":"https:\/\/pekatherm.es\/index.php?rest_route=\/wp\/v2\/product"}],"about":[{"href":"https:\/\/pekatherm.es\/index.php?rest_route=\/wp\/v2\/types\/product"}],"wp:featuredmedia":[{"embeddable":true,"href":"https:\/\/pekatherm.es\/index.php?rest_route=\/wp\/v2\/media\/288"}],"wp:attachment":[{"href":"https:\/\/pekatherm.es\/index.php?rest_route=%2Fwp%2Fv2%2Fmedia&parent=1260"}],"curies":[{"name":"wp","href":"https:\/\/api.w.org\/{rel}","templated":true}]}}