{"id":387,"date":"2019-08-26T14:18:28","date_gmt":"2019-08-26T12:18:28","guid":{"rendered":"https:\/\/pekatherm.es\/?post_type=product&#038;p=387"},"modified":"2019-08-26T14:33:25","modified_gmt":"2019-08-26T12:33:25","slug":"gu920","status":"publish","type":"product","link":"https:\/\/pekatherm.es\/?product=gu920","title":{"rendered":"GU920 &#8211; Guantes calefactores con alimentaci\u00f3n a pilas"},"content":{"rendered":"<p>Guantes calefactores con alimentaci\u00f3n a pilas.<\/p>\n<ul>\n<li><strong>Tallas<\/strong>: S\/M\/L\/XL<\/li>\n<li><strong>Material: <\/strong>100% Poli\u00e9ster<\/li>\n<li><strong>Estructura textil:\u00a0<\/strong>5 capas, incluyendo una membrana interior impermeable y una membrana de aislamiento t\u00e9rmico.<\/li>\n<li><strong>Potencia m\u00e1xima:<\/strong> 8W<\/li>\n<li><strong>Incluye<\/strong>: dos portapilas 3xAA incluidos y cables alargadores, pilas no incluidas<\/li>\n<li>Electr\u00f3nica con calentamiento r\u00e1pido (calor en s\u00f3lo 15 segundos)<\/li>\n<li><strong>Autonom\u00eda de funcionamiento:<\/strong> Hasta 4h con pilas est\u00e1ndard AA, hasta 9h con bater\u00edas de Litio CP951<\/li>\n<li><strong>Temperatura m\u00e1xima interior aprox<\/strong>.: 45\u00baC con pilas AA, hasta 65\u00baC con bater\u00edas CP951<\/li>\n<li><strong>Zonas calefactadas:<\/strong> Dorso de la mano y dedos<\/li>\n<li><strong>\u00a0Opciones de alimentaci\u00f3n:<\/strong>\n<div>\n<div>&#8211; 3 pilas AA alcalinas, o bien 3 pilas AA recargables de Niquel por guante (dos portapilas 3xAA incluidos, pilas AA no incluidas)<\/div>\n<div>&#8211; Para una mejora global de prestaciones (potencia de calentamiento y autonom\u00eda de funcionamiento) se aconseja el uso de las baterias especiales de Litio recargables Ref. CP951 (no incluidas, producto de compra opcional).<\/div>\n<div>\n<div><strong>Elementos de dise\u00f1o:<\/strong><\/div>\n<div>\n<div>\n<div>&#8211; Tiras reflectantes en el dorso de la mano para mejor visibilidad nocturna<\/div>\n<div>&#8211; Cintura el\u00e1stica en la zona de la mu\u00f1eca para una mejor estabilidad<\/div>\n<div>&#8211; Sistema de cierre por tensor en la zona del antebrazo<\/div>\n<div>&#8211; Tejido reforzado en la palma de la mano para mayor durabilidad<\/div>\n<div>&#8211; Bolsillo especial para la bater\u00eda o el portapilas, integrado en el guante para una f\u00e1cil accesibilidad<\/div>\n<div>&#8211; Sistema de fijaci\u00f3n por clip para mantener unidos ambos guantes cuando no se utilizan<\/div>\n<div><\/div>\n<\/div>\n<\/div>\n<\/div>\n<div>\n<div>\n<div>\n<div><img loading=\"lazy\" class=\"alignnone wp-image-388\" src=\"https:\/\/pekatherm.es\/wp-content\/uploads\/2019\/08\/GU920-300x169.jpg\" alt=\"\" width=\"435\" height=\"245\" srcset=\"https:\/\/pekatherm.es\/wp-content\/uploads\/2019\/08\/GU920-300x169.jpg 300w, https:\/\/pekatherm.es\/wp-content\/uploads\/2019\/08\/GU920-768x433.jpg 768w, https:\/\/pekatherm.es\/wp-content\/uploads\/2019\/08\/GU920-1024x577.jpg 1024w, https:\/\/pekatherm.es\/wp-content\/uploads\/2019\/08\/GU920-260x146.jpg 260w, https:\/\/pekatherm.es\/wp-content\/uploads\/2019\/08\/GU920-50x28.jpg 50w, https:\/\/pekatherm.es\/wp-content\/uploads\/2019\/08\/GU920-133x75.jpg 133w, https:\/\/pekatherm.es\/wp-content\/uploads\/2019\/08\/GU920-600x338.jpg 600w, https:\/\/pekatherm.es\/wp-content\/uploads\/2019\/08\/GU920.jpg 1316w\" sizes=\"(max-width: 435px) 100vw, 435px\" \/><\/div>\n<\/div>\n<\/div>\n<\/div>\n<\/div>\n<\/li>\n<\/ul>\n","protected":false},"excerpt":{"rendered":"<p>EAN 8436531919221 (Talla S)<\/p>\n<p>EAN 8436531919245 (Talla M)<\/p>\n<p>EAN 8436531919269 (Talla L)<\/p>\n<p>EAN 8436531919283 (Talla XL)<\/p>\n<div>\n<div>Guantes cl\u00e1sicos concebidos para actividades de exterior con fr\u00edo, nieve, lluvia y viento en que se precise movilidad de los dedos. Impermeables y transpirables, confortables y de dise\u00f1o elegante. Perfectos para equitaci\u00f3n, caza y pesca, esqu\u00ed, rutas en moto, etc. Desarrollados para ser polivalentes, su dise\u00f1o resulta \u00f3ptimo tanto para condiciones de fr\u00edo moderado como de fr\u00edo extremo.<\/div>\n<div>Estructura textil multicapa donde el material de cada una de las capas ha sido cuidadosamente seleccionado para aportar al producto las cualidades necesarias de resistencia al agua y aislamiento t\u00e9rmico, manteniendo la flexibilidad, confort, facilidad de utilizaci\u00f3n y durabilidad. Incluye una membrana impermeable y transpirable, y una membrana de aislamiento t\u00e9rmico<\/div>\n<div><\/div>\n<\/div>\n<div>\n<div>Esta familia de guantes calefactores ha sido desarrollada para ser vers\u00e1til. Por este motivo su dise\u00f1o ha sido realizado teniendo presente tanto su uso cotidiano en ciudad en condiciones de fr\u00edo moderado, como su uso en condiciones m\u00e1s agresivas de temperaturas extremas. Han sido para ello dotados de una estructura interior multicapa, donde el material de cada una de las capas ha sido cuidadosamente seleccionado para conferir al producto las necesarias cualidades de impermeabilidad al agua y aislamiento t\u00e9rmico, pero sin que el producto haya perdido por ello sus cualidades de flexibilidad, comodidad, facilidad de uso y durabilidad.<strong>\u00a0<\/strong><\/div>\n<div><\/div>\n<\/div>\n","protected":false},"featured_media":389,"template":"","meta":[],"_links":{"self":[{"href":"https:\/\/pekatherm.es\/index.php?rest_route=\/wp\/v2\/product\/387"}],"collection":[{"href":"https:\/\/pekatherm.es\/index.php?rest_route=\/wp\/v2\/product"}],"about":[{"href":"https:\/\/pekatherm.es\/index.php?rest_route=\/wp\/v2\/types\/product"}],"wp:featuredmedia":[{"embeddable":true,"href":"https:\/\/pekatherm.es\/index.php?rest_route=\/wp\/v2\/media\/389"}],"wp:attachment":[{"href":"https:\/\/pekatherm.es\/index.php?rest_route=%2Fwp%2Fv2%2Fmedia&parent=387"}],"curies":[{"name":"wp","href":"https:\/\/api.w.org\/{rel}","templated":true}]}}