{"id":875,"date":"2019-09-05T09:53:31","date_gmt":"2019-09-05T07:53:31","guid":{"rendered":"https:\/\/pekatherm.es\/?product=x1"},"modified":"2023-02-14T09:55:11","modified_gmt":"2023-02-14T08:55:11","slug":"x1","status":"publish","type":"product","link":"https:\/\/pekatherm.es\/?product=x1&lang=fr","title":{"rendered":"W010 &#8211; Lampe stylo LED rechargeable avec double source de lumi\u00e8re 5W"},"content":{"rendered":"<p>Lampe stylo LED rechargeable avec double source de lumi\u00e8re<\/p>\n<p>\u2022 COB 5W, LED 0.5W<\/p>\n<p>\u2022 280lm (COB), 30lm (LED)<\/p>\n<p>\u2022 4 modes d&#8217;\u00e9clairage: COB 100% &#8211; COB 50% &#8211; COB clignotant &#8211; LED \u2022 Batterie<br \/>\nau Lithium rechargeable 3.7V 600mAh<\/p>\n<p>\u2022 Autonomie: 4\/6h<\/p>\n<p>\u2022 Connecteur de charge micro USB (5VDC 1A)<br \/>\n\u2022 Temps de charge: 1.5h<\/p>\n<p>\u2022 Bras pivotant \u2022 Clip de poche \u2022 Aimant \u2022 Crochet \u2022 C\u00e2ble USB \u2022 IP44 \u2022 ABS<\/p>\n","protected":false},"excerpt":{"rendered":"<p>EAN 8436531914059<\/p>\n<p>Petite baladeuse compacte et l\u00e9g\u00e8re, tr\u00e8s facile \u00e0 transporter, avec rev\u00eatement en caoutchouc ultra r\u00e9sistant.<\/p>\n<p>Pliable et lampe principale rotative sur 180\u00a0\u00ba. La partie inf\u00e9rieure de la lampe de travail LED est dot\u00e9e d\u2019un aimant puissant qui la maintient sur n\u2019importe surface m\u00e9tallique.<\/p>\n<p><img loading=\"lazy\" class=\"alignnone size-medium wp-image-517\" src=\"https:\/\/pekatherm.es\/wp-content\/uploads\/2019\/09\/X1-iman-300x150.jpg\" alt=\"\" width=\"300\" height=\"150\" srcset=\"https:\/\/pekatherm.es\/wp-content\/uploads\/2019\/09\/X1-iman-300x150.jpg 300w, https:\/\/pekatherm.es\/wp-content\/uploads\/2019\/09\/X1-iman-768x384.jpg 768w, https:\/\/pekatherm.es\/wp-content\/uploads\/2019\/09\/X1-iman-1024x512.jpg 1024w, https:\/\/pekatherm.es\/wp-content\/uploads\/2019\/09\/X1-iman-260x130.jpg 260w, https:\/\/pekatherm.es\/wp-content\/uploads\/2019\/09\/X1-iman-50x25.jpg 50w, https:\/\/pekatherm.es\/wp-content\/uploads\/2019\/09\/X1-iman-150x75.jpg 150w, https:\/\/pekatherm.es\/wp-content\/uploads\/2019\/09\/X1-iman-600x300.jpg 600w\" sizes=\"(max-width: 300px) 100vw, 300px\" \/><\/p>\n<p>Quatre modes d\u2019\u00e9clairage\u00a0: un mode lampe torche (flashlight) et trois modes projecteur (bodylight), 100\u00a0% de puissance, 50\u00a0% de puissance et clignotant.<\/p>\n<p><img loading=\"lazy\" class=\"alignnone size-medium wp-image-516\" src=\"https:\/\/pekatherm.es\/wp-content\/uploads\/2019\/09\/X1-tipo-luces-300x150.jpg\" alt=\"\" width=\"300\" height=\"150\" srcset=\"https:\/\/pekatherm.es\/wp-content\/uploads\/2019\/09\/X1-tipo-luces-300x150.jpg 300w, https:\/\/pekatherm.es\/wp-content\/uploads\/2019\/09\/X1-tipo-luces-768x384.jpg 768w, https:\/\/pekatherm.es\/wp-content\/uploads\/2019\/09\/X1-tipo-luces-1024x512.jpg 1024w, https:\/\/pekatherm.es\/wp-content\/uploads\/2019\/09\/X1-tipo-luces-260x130.jpg 260w, https:\/\/pekatherm.es\/wp-content\/uploads\/2019\/09\/X1-tipo-luces-50x25.jpg 50w, https:\/\/pekatherm.es\/wp-content\/uploads\/2019\/09\/X1-tipo-luces-150x75.jpg 150w, https:\/\/pekatherm.es\/wp-content\/uploads\/2019\/09\/X1-tipo-luces-600x300.jpg 600w\" sizes=\"(max-width: 300px) 100vw, 300px\" \/><\/p>\n<p>Autonomie de 4 heures de travail gr\u00e2ce \u00e0 la batterie au lithium rechargeable \u00e0 travers le port micro USB dissimul\u00e9 sur la base.<\/p>\n<p><img loading=\"lazy\" class=\"alignnone size-medium wp-image-518\" src=\"https:\/\/pekatherm.es\/wp-content\/uploads\/2019\/09\/X1-MicroUSB-300x150.jpg\" alt=\"\" width=\"300\" height=\"150\" srcset=\"https:\/\/pekatherm.es\/wp-content\/uploads\/2019\/09\/X1-MicroUSB-300x150.jpg 300w, https:\/\/pekatherm.es\/wp-content\/uploads\/2019\/09\/X1-MicroUSB-768x384.jpg 768w, https:\/\/pekatherm.es\/wp-content\/uploads\/2019\/09\/X1-MicroUSB-1024x512.jpg 1024w, https:\/\/pekatherm.es\/wp-content\/uploads\/2019\/09\/X1-MicroUSB-260x130.jpg 260w, https:\/\/pekatherm.es\/wp-content\/uploads\/2019\/09\/X1-MicroUSB-50x25.jpg 50w, https:\/\/pekatherm.es\/wp-content\/uploads\/2019\/09\/X1-MicroUSB-150x75.jpg 150w, https:\/\/pekatherm.es\/wp-content\/uploads\/2019\/09\/X1-MicroUSB-600x300.jpg 600w\" sizes=\"(max-width: 300px) 100vw, 300px\" \/><\/p>\n","protected":false},"featured_media":1655,"template":"","meta":[],"_links":{"self":[{"href":"https:\/\/pekatherm.es\/index.php?rest_route=\/wp\/v2\/product\/875"}],"collection":[{"href":"https:\/\/pekatherm.es\/index.php?rest_route=\/wp\/v2\/product"}],"about":[{"href":"https:\/\/pekatherm.es\/index.php?rest_route=\/wp\/v2\/types\/product"}],"wp:featuredmedia":[{"embeddable":true,"href":"https:\/\/pekatherm.es\/index.php?rest_route=\/wp\/v2\/media\/1655"}],"wp:attachment":[{"href":"https:\/\/pekatherm.es\/index.php?rest_route=%2Fwp%2Fv2%2Fmedia&parent=875"}],"curies":[{"name":"wp","href":"https:\/\/api.w.org\/{rel}","templated":true}]}}