{"id":946,"date":"2019-08-26T15:39:05","date_gmt":"2019-08-26T13:39:05","guid":{"rendered":"https:\/\/pekatherm.es\/?product=ae808"},"modified":"2019-08-26T15:39:05","modified_gmt":"2019-08-26T13:39:05","slug":"ae808","status":"publish","type":"product","link":"https:\/\/pekatherm.es\/?product=ae808&lang=fr","title":{"rendered":"AE808 &#8211; Bandage thermique pour l\u00b4\u00e9paule"},"content":{"rendered":"<ul>\n<li>Application : \u00c9paule<\/li>\n<li>Dimensions : 42 x 33 cm<\/li>\n<li>Alimentation : batterie au lithium (incluse)<\/li>\n<li>\u00c9l\u00e9ment de chauffage interne : filament r\u00e9sistif<\/li>\n<li>Tension d\u2019alimentation : 3,7V<\/li>\n<li>Puissance : 8W<\/li>\n<li>Temp\u00e9rature maximale d\u2019environ : 55\u00ba C<\/li>\n<li>Chauffage rapide (chaleur en seulement 60 secondes)<\/li>\n<li>Autonomie de fonctionnement : 30\/150 min<\/li>\n<li>Composition int\u00e9rieure : Caoutchouc SBR<\/li>\n<li>Rev\u00eatement : fibres synth\u00e9tiques \u00e0 base de polyamide, ur\u00e9thane, nylon et polyester<\/li>\n<\/ul>\n<p><strong>CARACT\u00c9RISTIQUES TECHNIQUES DE LA BATTERIE<\/strong>\u00a0:<\/p>\n<p>Batterie au lithium rechargeable de 3,7 V 2 200 mAh, autonomie de fonctionnement d\u2019environ : 150 min., temps de charge d\u2019environ : 4 h ;<\/p>\n","protected":false},"excerpt":{"rendered":"<p>EAN 8436531918088<\/p>\n<div>\n<div>\n<p>Bandage thermique aliment\u00e9 par batterie au lithium con\u00e7u exclusivement pour l\u2019\u00e9paule. Conseill\u00e9 tout sp\u00e9cialement pour les sportifs qui ont \u00e9t\u00e9 bless\u00e9s ou pour les personnes souffrant de douleurs dans les \u00e9paules. Le syst\u00e8me d\u2019alimentation ind\u00e9pendant permet de se d\u00e9placer pendant que le bandage agit sur la zone douloureuse. Ce bandage en n\u00e9opr\u00e8ne est tr\u00e8s r\u00e9sistant et parfait pour l\u2019\u00e9paule gauche ou droite.<\/p>\n<\/div>\n<div><\/div>\n<div>\n<p>\u2013 <strong>Les avantages des bandages thermiques par rapport aux m\u00e9thodes traditionnelles de th\u00e9rapie thermique sont principalement les suivants\u00a0<\/strong>:<\/p>\n<p>1)\u00a0Ils permettent une application locale pr\u00e9cise de la chaleur sur la zone \u00e0 traiter. Chaque mod\u00e8le de bandage a \u00e9t\u00e9 con\u00e7u pour une zone sp\u00e9cifique, de sorte que la chaleur est appliqu\u00e9e l\u00e0 o\u00f9 le r\u00e9sultat est le plus efficace. Pour cela, les bandages sont dot\u00e9s de syst\u00e8mes de fixation pour pouvoir les maintenir dans la bonne position pendant toute la dur\u00e9e de l\u2019application\u00a0;<\/p>\n<p>2)\u00a0L\u2019alimentation par batterie assure une libert\u00e9 totale de mouvement\u00a0;<\/p>\n<p>3)\u00a0Le fonctionnement \u00e0 basse tension garantit une s\u00e9curit\u00e9 maximale lors de l\u2019utilisation\u00a0;<\/p>\n<p>4) Le tissu \u00e0 base de n\u00e9opr\u00e8ne poss\u00e8de des propri\u00e9t\u00e9s techniques uniques\u00a0: c\u2019est un excellent isolant thermique qui retient la chaleur sans perte et la maintient concentr\u00e9e dans la zone de l&#8217;articulation. D\u2019autre part, son \u00e9lasticit\u00e9 permet d\u2019ajuster la bande parfaitement sur le corps et compresse en douceur et uniform\u00e9ment toute la zone de l\u2019articulation, ce qui favorise la p\u00e9n\u00e9tration de la chaleur \u00e0 l\u2019int\u00e9rieur de celle-ci.<\/p>\n<p>Tous les mod\u00e8les ont \u00e9t\u00e9 con\u00e7us pour s\u2019adapter parfaitement aux articulations et aux zones du corps pr\u00e9sentant des courbes tr\u00e8s difficiles, ce qui permet d\u2019appliquer la chaleur de mani\u00e8re tr\u00e8s efficace. Bandages dot\u00e9s de bandes \u00e9lastiques avec velcro plac\u00e9es pr\u00e9cis\u00e9ment pour un ajustement parfait, ferme et stable sur n\u2019importe quelle articulation, permettant un r\u00e9glage manuel selon les diff\u00e9rentes morphologies et les mouvements sans jamais glisser.<\/p>\n<p>Les trois couches de tissu actif utilis\u00e9 pour la fabrication de cette vari\u00e9t\u00e9 de bandages servent de support m\u00e9canique au module chauffant int\u00e9rieur tout en poss\u00e9dant des propri\u00e9t\u00e9s techniques uniques.<\/p>\n<\/div>\n<\/div>\n","protected":false},"featured_media":404,"template":"","meta":[],"_links":{"self":[{"href":"https:\/\/pekatherm.es\/index.php?rest_route=\/wp\/v2\/product\/946"}],"collection":[{"href":"https:\/\/pekatherm.es\/index.php?rest_route=\/wp\/v2\/product"}],"about":[{"href":"https:\/\/pekatherm.es\/index.php?rest_route=\/wp\/v2\/types\/product"}],"wp:featuredmedia":[{"embeddable":true,"href":"https:\/\/pekatherm.es\/index.php?rest_route=\/wp\/v2\/media\/404"}],"wp:attachment":[{"href":"https:\/\/pekatherm.es\/index.php?rest_route=%2Fwp%2Fv2%2Fmedia&parent=946"}],"curies":[{"name":"wp","href":"https:\/\/api.w.org\/{rel}","templated":true}]}}